3*y = 7*s - 2*s - 24. Suppose -s*n - n = -16. Suppose -n*u + 146 = -38. What is the tens digit of u?
4
Let x(s) = 647*s - 1035. What is the thousands digit of x(21)?
2
Let w(c) = 8*c**2 - 86*c + 6. What is the tens digit of w(-22)?
7
Let m be (3/2)/((-1)/(-2)) + 3. Suppose m*b + 42 = -b. What is the hundreds digit of (7 - 94)*10/b?
1
Suppose 36 = -v - 9. Let d = v + 40. What is the units digit of (-1)/(d/320) - -5?
9
Suppose 0 = -23*v + 12*v + 14*v - 12357. What is the tens digit of v?
1
Let o(j) = -j**2 - 9*j + 10. Let k be o(-9). Suppose -2*c = -k*c - 720. Let g = c - -174. What is the units digit of g?
4
Suppose v = -5, -2*v = 5*h + 4 - 19. Let u be h/(-30)*-111*(-24)/(-2). Suppose -q + u = q. What is the hundreds digit of q?
1
Suppose 22*c + 8*c - 775158 - 709452 = 0. What is the tens digit of c?
8
Suppose 6*r - 12 + 0 = 0. Suppose 0 = r*s + 3*o + 6, -8*s - o = -11*s + 13. Suppose -s*w + 4*w = 2*t + 164, -3*t - 169 = -w. What is the hundreds digit of w?
1
Let f(i) = 116*i**2 + 42*i - 1226. What is the ten thousands digit of f(-26)?
7
Let j(c) be the first derivative of 5*c**2/2 + 4*c - 1. Let h be 22 - (0 - -3)*(-56)/(-84). What is the hundreds digit of j(h)?
1
Suppose -916*s - 49436 = -933*s. What is the hundreds digit of s?
9
Suppose -48 = -m - 5*m. Suppose -m*z + 2*z + 72 = 0. What is the units digit of (356/(-24))/((-2)/z)?
9
Let h(a) = a**3 - 9*a**2 + 8*a - 8. Let l be h(8). Let x be ((-156)/(-24))/((-2)/l). Suppose -18*u - 1344 = -x*u. What is the tens digit of u?
6
Suppose -4*s - 5 + 53 = 0. Suppose 6*r - s*r = -144. What is the units digit of r?
4
Let q(r) = 39*r**2 + 425*r - 11. What is the hundreds digit of q(12)?
7
Let v(l) = 2*l**2 + 18*l + 60. Suppose 3*w + 59 = -a, 5*w - a + 91 = a. What is the units digit of v(w)?
0
Let m = -13 + 19. Suppose -m*f + 13*f = 7. What is the tens digit of 134/(-8)*(-8 + (1 - f))?
3
Let t be ((11 - 16) + -28)*62/3. What is the hundreds digit of (-508214)/t - (-2)/(-11)?
7
Suppose 0 = -2*r - 3*b - b + 20, 5*r - 5 = 5*b. Suppose 3*a - 1146 = -5*u + 2*u, 0 = r*a + 12. What is the hundreds digit of u?
3
Suppose -2*a = 4*c - 26, 3*a + 2*a - 3*c = 0. Suppose -z = -3*t - 2*t - 13, -a*z = t - 23. Suppose -11*x = -z*x - 141. What is the units digit of x?
7
Let y be 1 + 2 - (-5)/(1 - 0). Let s(c) = 4 + 9*c - 2*c - 14 + y*c. What is the units digit of s(5)?
5
Let v = -76327 - -124867. What is the hundreds digit of v?
5
Let n(f) = -4*f**2 + 22*f + 49. Let c be n(-6). Let d = 1066 + c. What is the units digit of d?
9
Let n be ((-6)/(-18)*-2)/(4/558). Let x = 139 - n. What is the units digit of x?
2
Suppose -15*g + 15180 + 15840 = 0. What is the units digit of g?
8
Let g(u) = 151*u + 2070. What is the thousands digit of g(-5)?
1
Let s be (-3)/12*2 + (-4546)/(-4). Suppose l + s = 3*b, -5*b + 1893 = -3*l + l. What is the hundreds digit of b?
3
Let a = 13547 - -18584. What is the hundreds digit of a?
1
Let t = 109 + -96. Suppose t*r + 7*r - 7340 = 0. What is the units digit of r?
7
Let n(q) = 58*q**2 - 3*q + 6. Let u be n(2). Let l = 663 + u. What is the tens digit of l?
9
Let v be (1 + -1 - 2)/(60/(-2310)). Suppose -3*j + 4*i = -1652, 3*j - v*i = -78*i + 1672. What is the hundreds digit of j?
5
Let z be ((-1)/2)/((-17)/306). Let j(h) = 14*h**2 - 15*h + 24. What is the hundreds digit of j(z)?
0
Let u(q) = -4*q**3 + 10*q**2 + 18*q + 23. Let i be u(-10). Suppose 0 = -3*k + 4 + 5, 5*d - 4*k = i. What is the tens digit of d?
7
Suppose 0 = -155*w + 161*w - 24. What is the hundreds digit of -2 + 189 + (12 - w)?
1
Let i(x) = -793*x - 2229. What is the thousands digit of i(-15)?
9
Let v(i) = 5*i - 5. Let x = 27 - 41. Let r = 21 + x. What is the units digit of v(r)?
0
Let q be (-17)/(1122/7776) - (-2)/(-11). What is the tens digit of (-12 - -9)*2*q?
0
Suppose 74*r = 2264 - 14178. Suppose 0*f + 5*d = f + 88, -3*f - 2*d - 298 = 0. Let n = f - r. What is the tens digit of n?
6
Suppose v - 41 = -33. Suppose v*p - 1596 = -60. What is the hundreds digit of p?
1
What is the tens digit of (3*(-11)/11)/(12/(-72916))?
2
Let r(h) = 2*h**2 + 118*h - 641. What is the units digit of r(47)?
3
Let m be ((-4)/(-3))/(6/9). Let h be 1 + -3 + m + 4. Suppose -5*y + 125 = -g, y - 4*g - h = 2. What is the units digit of y?
6
Suppose -5*h - 3*l + 165 = 0, l = -h - 2*l + 45. Suppose -3*k - h = 2*k. Let c(x) = -26*x - 38. What is the units digit of c(k)?
8
Let x be (-120)/((-7)/(-21)*6/8). Let k = x + 953. What is the units digit of k?
3
Suppose l + 5*h - 472 = 0, 713 = l - 3*h + 185. What is the hundreds digit of l?
5
Suppose -9*n - 40*n + 561157 = -125137. What is the ten thousands digit of n?
1
What is the thousands digit of (-5 - (-57442)/56)/(4*3/224)?
9
Let y = 15798 - 4767. What is the thousands digit of y?
1
Let r(c) = 12*c**2 + c. Let q be r(1). Let a(j) = j**3 - 11*j**2 + 15*j + 31. Let y be a(q). Suppose 5*p - y = -199. What is the units digit of p?
3
Let m(o) = 1744*o**2 - 29*o + 10. What is the thousands digit of m(2)?
6
Suppose -502072 = -65*f - 129*f. What is the tens digit of f?
8
Suppose h + 9 = 3*b, 3*b - 3 = -h + 4*h. Let g(t) be the first derivative of t**4/4 + 3*t - 128. What is the tens digit of g(h)?
3
Let u = 82801 + 3889. What is the units digit of u?
0
Let z(s) = 6*s - 27. Let l be z(6). What is the hundreds digit of 50/225 - ((-3994)/l - 0)?
4
Let s be 12/(-30) - (-4)/10. Suppose o + 14 = 4*b, -5*b + 3*o = -s*o - 14. Suppose 5*r = -3*n + 110, -b = n - 4*r - 35. What is the units digit of n?
5
Let i(j) = -j**3 + 120*j**2 - 320*j + 321. What is the units digit of i(114)?
7
Suppose 11*v - 76 = 7*v. Suppose 2301 = v*k - 6*k. Suppose p - d - k = 112, d - 1 = 0. What is the hundreds digit of p?
2
Let n = -103 - -49. Let l = -52 - n. Suppose 2*a = s - 15 - 106, 5*a = l*s - 243. What is the units digit of s?
9
Let m = 461 + -505. Suppose 150 - 30 = 3*f. Let k = f - m. What is the tens digit of k?
8
Let l(s) = 11*s**3 - s. Let k be 4/(-10) + (-204)/(-85). Suppose k*y - 6 = -y. What is the tens digit of l(y)?
8
Let r = 463 - -325. Suppose 4*l - r = -2*o, -1044 = -4*o - 2*l + 502. What is the units digit of o?
4
Let c(w) = 80*w**2 + 9*w - 5. Let n(o) = 161*o**2 + 19*o - 9. Let k(y) = 5*c(y) - 2*n(y). Let f be k(1). Let t = f - 77. What is the units digit of t?
1
Suppose -50*b + 54*b = 5*z - 12349, 0 = -4*z - 5*b + 9830. What is the thousands digit of z?
2
Let y(x) = 498*x - 6727. What is the ten thousands digit of y(64)?
2
Suppose -198 = 14*q - 32*q. Suppose -3744 = -q*b + 3*b. What is the tens digit of b?
6
Let t = -10289 + 14498. What is the hundreds digit of t?
2
What is the units digit of (-4 + -2)*(-3231)/18?
7
Let k = 19182 + -8579. What is the ten thousands digit of k?
1
Let a be (-7 - (-12)/2)*1. What is the tens digit of ((-155)/(-2)*32/(-40))/a?
6
Let q(g) = g + 7. Let r = -44 - -37. Let j be q(r). Suppose 2*s + 15 - 145 = j. What is the units digit of s?
5
Let a be (21/(-9))/(5/(-15)). Suppose a*i + i = 32. Suppose -h - 5*r = -33, -i*r = -2*h - 2*r + 6. What is the units digit of h?
8
Suppose -3*k = -5*n - 119036, 3*k - 119027 = -163*n + 159*n. What is the hundreds digit of k?
6
Let d(m) = 30410*m**3 + 19 - 3 + 7*m**2 - 5*m - 30409*m**3. Let i = -7 - 0. What is the units digit of d(i)?
1
What is the tens digit of 6 - (-5233 - -13 - -9)?
1
Let w = 6 - -3. Let y(u) = u**2 - 6*u - 17. Let m be y(w). Suppose -m = 4*n - 418. What is the tens digit of n?
0
What is the hundreds digit of (10*4/50)/(34/411145)?
6
Let o be (2 + (-55)/10)/((-2)/4). Let g be 1/((7/424)/o). Suppose 0 = -5*p - 5*t + 570, 0*t + 4*t = 4*p - g. What is the hundreds digit of p?
1
Let j(p) = 161*p + 37. Let o be j(4). Let b = -375 + o. What is the hundreds digit of b?
3
Let d be (3 + -1)/(-15 + 16). Suppose 0 = t + 5*w - 4, 0 = -t - w - 2 - d. Let l = 103 + t. What is the tens digit of l?
9
Let n be -3 + (30 + -3)/3. Suppose -3*i - 990 = 2*o, n*i + 1484 = -3*o + 2*i. Let u = -321 - o. What is the hundreds digit of u?
1
Suppose 3*y - 2*f - 12343 = 0, -16*y + 18*y - 8232 = 3*f. What is the thousands digit of y?
4
Let r = 186 + 336. Suppose 0 = 4*p - 3*b - r - 6, -5*b = 2*p - 264. What is the hundreds digit of p?
1
Let i = 145 + -143. Suppose 8 = o + 7, i*a + 3*o = 647. What is the units digit of a?
2
Let f be ((-1)/2)/(-4 - (-9)/2). Let m be 0*(3 - f - 5